*u + 7*u - 16. What is the remainder when b is divided by m?
5
Let o(a) = 5*a**2 - 15 - 2 - 3*a**2 - 7*a - 10. What is the remainder when 17 is divided by o(-3)?
5
Suppose -13*q + 18934 = 6480. What is the remainder when q is divided by 64?
62
Let k be 1 - -1*(-2 + 5). Suppose -k*w + x = -3*x - 36, -2*x - 10 = -w. What is the remainder when (-84)/(-51)*1*357/42 is divided by w?
6
Suppose 2434*f - 2439*f - 5*u = -230, -2 = 2*u. Calculate the remainder when 279 is divided by f.
44
Let z = 3717 + -3468. Calculate the remainder when z is divided by 93.
63
Suppose -4711 + 3008 = -145*y + 8302. Calculate the remainder when 157 is divided by y.
19
Let c = 7862 - 7845. Suppose 0 = 4*d - 0 - 8. Suppose 0 = -3*g + b + 13, d*b - 14 = -3*g + 4*b. Calculate the remainder when c is divided by g.
1
Suppose 6*n + 96 = 612. What is the remainder when n is divided by (3 - 7) + 12/1?
6
Let p(r) = r**3 - 20*r**2 + 92*r + 97. What is the remainder when 682 is divided by p(13)?
22
Suppose 365 = -22*g - 31. Let x(a) = -a**3 - 17*a**2 + 5*a - 231. Suppose -9 = -l + 3*m, -3*m - m - 20 = -4*l. What is the remainder when x(g) is divided by l?
0
Let q = 2085 - 1627. Calculate the remainder when 1846 is divided by q.
14
Let z = -3236 - -7234. What is the remainder when z is divided by 40?
38
Suppose 0*f + 2*f + 1 - 21 = 0. Calculate the remainder when 2986 is divided by f.
6
Suppose -62 = -5*u + s, 3*u - 4*s - 27 = -0*u. Suppose 0 = u*o - 109 - 294. Suppose -3*q = -22 - 161. Calculate the remainder when q is divided by o.
30
Let a be 2/(56/2556) + 4/(-14). Let g = a + -42. What is the remainder when g is divided by 17?
15
Let p(n) = n**2 + 17*n - 11. Let d be p(-13). Calculate the remainder when (-4)/8*21*32/(-6) is divided by 2/7 - 1242/d.
16
Let g = -35 + 16. Let q(b) = -b**3 + 5*b**2 + 8*b + 3. Calculate the remainder when q(6) is divided by (-4)/8*2*g + -5.
1
Let l(p) = -p**3 + 6*p**2 - 3*p - 1. Suppose 0 = -m - 9 + 10. Let o be m/(-4 - -3) - -5. What is the remainder when 35 is divided by l(o)?
16
Let v(r) = 60*r**3 + 10*r**2 - 49*r - 81. Calculate the remainder when v(5) is divided by 33.
32
Suppose 200 = g + g. Suppose -1088 = 8*j + 728. Let y = -210 - j. Calculate the remainder when g is divided by y.
15
Let d(s) = 6*s**3 - 4*s**2 + 5*s - s**2 - 4*s**3 - 1 + 0*s**2. Let u be d(3). Suppose h - 32 = u. Calculate the remainder when 108 is divided by h.
53
Suppose -z = -71 + 11. Calculate the remainder when z is divided by (((-138)/12)/23)/(2/(-84)).
18
Suppose 0 = -3679*t + 3690*t - 286. What is the remainder when 683 is divided by t?
7
Let x be -1 - (0/(-4) - 5). Let h(c) = 8*c**2 - c - 7. Calculate the remainder when h(x) is divided by 20.
17
Let t(c) = 34*c**2 - 473*c - 26. Calculate the remainder when 3278 is divided by t(14).
14
Let g = 131 - 126. Suppose 4*q - 14 = -o, -4*o - g*q = -46 - 10. What is the remainder when o is divided by 5?
4
Let v = 578 + -579. Let y(x) = -110*x + 5. What is the remainder when y(v) is divided by 21?
10
Let i = 396 + -396. Suppose i = -7*r + 109 - 32. Calculate the remainder when 84 is divided by r.
7
Suppose 0 = 5*o + 42*o - 15*o - 512. Let c = 19 - 14. What is the remainder when o is divided by c?
1
Suppose 34 = -2*f + 44. Suppose 8*d = f*d + 273. Calculate the remainder when d is divided by 23.
22
Let g be 23429/105 + 2/(-15). Let v = g + -81. What is the remainder when v is divided by 18*(-1 - (-14)/6)?
22
Let t = -3588 + 1678. Suppose -4*y = -9*y + 305. Calculate the remainder when y is divided by 3/(54/(-4)) - t/90.
19
Let b(j) = 2*j**2 - 7*j - 4. Let h(g) = -4796*g - 33560. Calculate the remainder when b(6) is divided by h(-7).
2
Suppose 2*t + 8 = 3*t. Suppose -t*w + 18 = -2*w. Let y(x) = 8*x**2. What is the remainder when y(w) is divided by 38?
34
Suppose -18*k + 611 = -19. What is the remainder when ((-1055)/k - -1)*(-21)/6 is divided by 40?
22
Suppose -5*i + 0*d - 152 = -2*d, 108 = -3*i - 3*d. Let v = i - -34. Suppose -3*y + 11 = -v*y. Calculate the remainder when 21 is divided by y.
10
Calculate the remainder when (-17 + (-76 - -3))*-6*4/60 is divided by (-1)/2 - 54/(-4).
10
Suppose -5*b - 17 = -17*i + 21*i, 2 = -2*i + 4*b. Let c(n) = 4*n**2 + n - 2. What is the remainder when 494 is divided by c(i)?
29
Suppose 0 = -x - 18 + 153. Let r = x + -111. What is the remainder when 165 is divided by r?
21
Let i be 2 - (0 + 2)*-4. Let b(o) = o**3 + 23*o**2 + 65*o - 20. Let g be b(-18). Suppose 450 + g = i*c. Calculate the remainder when c is divided by 15.
13
Suppose 0 = -5*l + 20, -2094 = 4*z - 3*l - 7062. Calculate the remainder when z is divided by 44.
13
Let z = 7004 - 6927. Calculate the remainder when 3156 is divided by z.
76
Let l(a) = -227*a + 84. What is the remainder when l(-4) is divided by 322?
26
Let m(l) = -l**2 - 25*l + 2. Let u(j) = -j**3 + 39*j**2 + 36*j + 147. Let a be u(40). Calculate the remainder when m(a) is divided by 40.
38
Let o(c) = c**2 + 3*c. Let v be o(-6). Let s = v - 13. Let i(z) = 18*z**2 + 297*z + 638. Calculate the remainder when i(-14) is divided by s.
3
Suppose -2*r + 0 = -6. Let u(q) = q**3 + 2*q**2 - 4*q + 1. Let d(g) = 17*g - 8. What is the remainder when u(r) is divided by d(1)?
7
Suppose 2*w - 39 = 3*z, 4*z + 5 = -3*w + 21. Suppose -3*p - 36 = -w*p. What is the remainder when 33 is divided by (-198)/(-42) - p/(-14)?
3
Let t(j) = -2*j**2 - 2*j - 10. Let g be t(5). Let f = g + 177. What is the remainder when f is divided by 5?
2
Let d(h) = -28*h - 3. Let j(f) = -1168*f + 25710. What is the remainder when d(-2) is divided by j(22)?
11
Let x = 10 + 3. Suppose 41*p - 42*p = -17. Suppose -2*l + 35 = 5*h, l - 23 = 5*h + p. What is the remainder when l is divided by x?
12
Suppose 0 = -13*c - 430 + 1886. Calculate the remainder when 424 is divided by c.
88
Suppose 47 - 669 = -2*m + 4*q, -4*m - 5*q = -1218. Suppose -m*f - 64 = -309*f. What is the remainder when 350 is divided by f?
30
Let s(z) = 18*z + 14. Let w(j) = -j**2 + 4*j + 12. Let k be w(6). Calculate the remainder when 43 is divided by s(k).
1
Suppose 5*w - 5*d + 580 = 0, 2*d = 2*w - 7*w - 552. Let c = -30 - w. Calculate the remainder when c is divided by 45.
37
Let n = 167 - -36. Suppose -n*g - 1254 = -209*g. What is the remainder when g is divided by 21?
20
Let k = 4206 + -4189. What is the remainder when 457 is divided by k?
15
Let n = -1 + 3. Suppose -n = p - t - 32, 3*p + 3*t = 78. Suppose 576 = -118*r + 124*r. Calculate the remainder when r is divided by p.
12
Let o = 1965 + -1942. Calculate the remainder when 83 is divided by o.
14
Suppose -86*f + 79*f + 2*o = -94915, 2*f + 4*o - 27114 = 0. Calculate the remainder when f is divided by 71.
69
Let d(i) = i + 5. Let a(v) = -3*v - 19. Let w(b) = 6*a(b) + 22*d(b). Let n be w(0). Let s = n + 14. Calculate the remainder when s is divided by 2.
0
Suppose -n + 2511 = 3*p, -3*p = 5*n - 2*p - 12471. Calculate the remainder when n is divided by 58.
57
Let z(g) = g**3 - 10*g**2 - 5*g + 62. What is the remainder when z(11) is divided by 116?
12
Suppose -1482 = 2*r - 8*r. What is the remainder when r + 5 + (3 - 1) + -4 is divided by 65?
55
Calculate the remainder when (5971/(-21))/(38/(-114)) is divided by 422.
9
Let d = 978 + -848. What is the remainder when d is divided by (22 - 5 - -5)/((-1)/(-2))?
42
Suppose 0 = 2*d - 0*d - 232. Let h = d - 100. Calculate the remainder when h is divided by 6.
4
Let k = 4754 + -4668. Calculate the remainder when 215 is divided by k.
43
Suppose 330*b = 321*b + 333. What is the remainder when 810 is divided by b?
33
Suppose 5*c - 20 = b, 4*b + 2*c - 8 = 3*b. Suppose 2*f - 7*f + 225 = b. Let s = -4664 + 4676. Calculate the remainder when f is divided by s.
9
Let z = -4443 - -4503. What is the remainder when 77 is divided by z?
17
Let p(j) = j**3 + 22*j**2 + 56*j - 9. What is the remainder when 29 is divided by p(-19)?
9
Suppose 13*j + 228 = 16*j. Calculate the remainder when j is divided by 30.
16
Suppose 10 = -2*o + 4*z + 30, 2*o = z + 5. Suppose 3*i - 225 = -3*j, o = 4*j - 5*j. Let b = 25 + -5. What is the remainder when i is divided by b?
15
Let l = -33 - -59. Suppose -5*s + 26 = o, 12*o - 3*s - 186 = 7*o. Suppose o*t = 29*t + 63. Calculate the remainder when l is divided by t.
8
Let p = -543 + 554. Let w(u) = -5*u**2 + u**3 + 14*u - 11*u**2 + 4*u**2 + 18. 